{"id":246,"date":"2020-08-08T10:23:06","date_gmt":"2020-08-08T10:23:06","guid":{"rendered":"http:\/\/www.soespgraf.com\/?page_id=246"},"modified":"2025-01-17T19:02:50","modified_gmt":"2025-01-17T19:02:50","slug":"pericia-caligrafica","status":"publish","type":"page","link":"https:\/\/www.soespgraf.com\/?page_id=246","title":{"rendered":"PERICIA CALIGR\u00c1FICA"},"content":{"rendered":"<div class=\"wp-block-coblocks-social wp-block-coblocks-social-profiles is-style-mask alignwide has-text-align-center has-colors\"><ul><li><a href=\"https:\/\/es-la.facebook.com\/soespgraf\/\" title=\"Facebook\" class=\"wp-block-button__link wp-block-coblocks-social__button wp-block-coblocks-social__button--facebook has-padding\" style=\"border-radius:40px\"><span class=\"wp-block-coblocks-social__icon\" style=\"height:22px;width:22px\"><\/span><span class=\"wp-block-coblocks-social__text\">Facebook<\/span><\/a><\/li><li><a href=\"https:\/\/twitter.com\/cbelgar?lang=es\" title=\"Twitter\" class=\"wp-block-button__link wp-block-coblocks-social__button wp-block-coblocks-social__button--twitter has-padding\" style=\"border-radius:40px\"><span class=\"wp-block-coblocks-social__icon\" style=\"height:22px;width:22px\"><\/span><span class=\"wp-block-coblocks-social__text\">Twitter<\/span><\/a><\/li><li><a href=\"https:\/\/www.pinterest.es\/pin\/647955465121531317\/\" title=\"Pinterest\" class=\"wp-block-button__link wp-block-coblocks-social__button wp-block-coblocks-social__button--pinterest has-padding\" style=\"border-radius:40px\"><span class=\"wp-block-coblocks-social__icon\" style=\"height:22px;width:22px\"><\/span><span class=\"wp-block-coblocks-social__text\">Pinterest<\/span><\/a><\/li><li><a href=\"https:\/\/es.linkedin.com\/in\/juan-carlos-belda-garc%C3%ADa-fresca-94785b23\" title=\"LinkedIn\" class=\"wp-block-button__link wp-block-coblocks-social__button wp-block-coblocks-social__button--linkedin has-padding\" style=\"border-radius:40px\"><span class=\"wp-block-coblocks-social__icon\" style=\"height:22px;width:22px\"><\/span><span class=\"wp-block-coblocks-social__text\">LinkedIn<\/span><\/a><\/li><\/ul><\/div>\n\n\n<p class=\"has-text-color\" style=\"color:#0e0e0e\"><strong>\u00bfTe han falsificado la firma en un documento? \u00bfNecesitas probar algo relacionado con una firma o con un testamento ol\u00f3grafo? \u00bfte han manipulado un documento? \u00bfquieres saber qui\u00e9n realizo un an\u00f3nimo? \u00bfNecesitas un perito cal\u00edgrafo profesional que haga un dictamen que pruebe tu inocencia y la falsedad que te han hecho?<\/strong><\/p>\n\n\n\n<p class=\"has-text-color\" style=\"color:#0e0e0e\"><strong>Somos un grupo de expertos cal\u00edgrafos titulados que trabaja para los Juzgados desde hace a\u00f1os, que nos hemos unido para ofrecer el mejor servicio con la mejor tecnolog\u00eda.<\/strong><\/p>\n\n\n\n<p class=\"has-text-color\" style=\"color:#0e0e0e\"><strong>Te aseguramos que no vas a encontrar un precio m\u00e1s ajustado que el nuestro. \u00a1Porque en tiempos de crisis \u2026 precios de crisis!<\/strong><\/p>\n\n\n\n<p class=\"has-text-color\" style=\"color:#0a0a0a\"><strong>Andaluc\u00eda tlf 629.99.29.37<\/strong> &#8211; <a href=\"mailto:milagrosalmela@hotmail.com\" target=\"_blank\" rel=\"noreferrer noopener\">milagrosalmela@hotmail.com<\/a><\/p>\n\n\n\n<p class=\"has-text-color has-small-font-size\" style=\"color:#060606\"><strong>Barcelona: tlf 934.12.35.63<\/strong> &#8211; <a href=\"mailto:grafostudium@gmail.com\" target=\"_blank\" rel=\"noreferrer noopener\">grafostudium@gmail.com<\/a><\/p>\n\n\n\n<p class=\"has-text-color has-small-font-size\" style=\"color:#050708\"><strong>Madrid: tlf 915.52.02.61<\/strong> \u2013 <a href=\"mailto:%20%E2%80%9Csoespgraf@gmail.com\" target=\"_blank\" rel=\"noreferrer noopener\">soespgraf@gmail.com<\/a><\/p>\n\n\n\n<p class=\"has-text-color has-small-font-size\" style=\"color:#06090a\"><\/p>\n\n\n\n<h6 class=\"wp-block-heading\">Si lo desea p\u00f3ngase en contacto con nosotros a trav\u00e9s de nuestro formulario y le atenderemos con la m\u00e1xima premura<\/h6>\n\n\n\n<div class=\"wp-block-buttons is-content-justification-center is-layout-flex wp-container-core-buttons-is-layout-16018d1d wp-block-buttons-is-layout-flex\">\n<div class=\"wp-block-button\"><a class=\"wp-block-button__link has-quaternary-color has-primary-background-color has-text-color has-background wp-element-button\" href=\"http:\/\/www.soespgraf.com\/?page_id=11\">Contacta con nosotros<\/a><\/div>\n<\/div>\n\n\n\n<p><\/p>\n","protected":false},"excerpt":{"rendered":"<p>\u00bfTe han falsificado la firma en un documento? \u00bfNecesitas probar algo relacionado con una firma o con un testamento ol\u00f3grafo? \u00bfte han manipulado un documento? \u00bfquieres saber qui\u00e9n realizo un an\u00f3nimo? \u00bfNecesitas un perito cal\u00edgrafo profesional que haga un dictamen que pruebe tu inocencia y la falsedad que te han hecho? Somos un grupo de [&hellip;]<\/p>\n","protected":false},"author":1,"featured_media":0,"parent":0,"menu_order":0,"comment_status":"closed","ping_status":"closed","template":"","meta":{"_coblocks_attr":"","_coblocks_dimensions":"","_coblocks_responsive_height":"","_coblocks_accordion_ie_support":"","hide_page_title":"","footnotes":""},"class_list":["post-246","page","type-page","status-publish","hentry"],"yoast_head":"<!-- This site is optimized with the Yoast SEO plugin v25.6 - https:\/\/yoast.com\/wordpress\/plugins\/seo\/ -->\n<title>Sociedad Espa\u00f1ola de Grafolog\u00ed\u00ada<\/title>\n<meta name=\"description\" content=\"\u00bfTe han falsificado la firma en un documento? \u00bfNecesitas probar algo relacionado con una firma o con un testamento ol\u00f3grafo?\" \/>\n<meta name=\"robots\" content=\"index, follow, max-snippet:-1, max-image-preview:large, max-video-preview:-1\" \/>\n<link rel=\"canonical\" href=\"https:\/\/www.soespgraf.com\/?page_id=246\" \/>\n<meta property=\"og:locale\" content=\"es_ES\" \/>\n<meta property=\"og:type\" content=\"article\" \/>\n<meta property=\"og:title\" content=\"Sociedad Espa\u00f1ola de Grafolog\u00ed\u00ada\" \/>\n<meta property=\"og:description\" content=\"\u00bfTe han falsificado la firma en un documento? \u00bfNecesitas probar algo relacionado con una firma o con un testamento ol\u00f3grafo?\" \/>\n<meta property=\"og:url\" content=\"https:\/\/www.soespgraf.com\/?page_id=246\" \/>\n<meta property=\"og:site_name\" content=\"Sociedad Espa\u00f1ola de Grafolog\u00ed\u00ada\" \/>\n<meta property=\"article:modified_time\" content=\"2025-01-17T19:02:50+00:00\" \/>\n<meta name=\"twitter:card\" content=\"summary_large_image\" \/>\n<meta name=\"twitter:label1\" content=\"Tiempo de lectura\" \/>\n\t<meta name=\"twitter:data1\" content=\"1 minuto\" \/>\n<script type=\"application\/ld+json\" class=\"yoast-schema-graph\">{\"@context\":\"https:\/\/schema.org\",\"@graph\":[{\"@type\":\"WebPage\",\"@id\":\"https:\/\/www.soespgraf.com\/?page_id=246\",\"url\":\"https:\/\/www.soespgraf.com\/?page_id=246\",\"name\":\"Sociedad Espa\u00f1ola de Grafolog\u00ed\u00ada\",\"isPartOf\":{\"@id\":\"https:\/\/www.soespgraf.com\/#website\"},\"datePublished\":\"2020-08-08T10:23:06+00:00\",\"dateModified\":\"2025-01-17T19:02:50+00:00\",\"description\":\"\u00bfTe han falsificado la firma en un documento? \u00bfNecesitas probar algo relacionado con una firma o con un testamento ol\u00f3grafo?\",\"breadcrumb\":{\"@id\":\"https:\/\/www.soespgraf.com\/?page_id=246#breadcrumb\"},\"inLanguage\":\"es\",\"potentialAction\":[{\"@type\":\"ReadAction\",\"target\":[\"https:\/\/www.soespgraf.com\/?page_id=246\"]}]},{\"@type\":\"BreadcrumbList\",\"@id\":\"https:\/\/www.soespgraf.com\/?page_id=246#breadcrumb\",\"itemListElement\":[{\"@type\":\"ListItem\",\"position\":1,\"name\":\"Home\",\"item\":\"https:\/\/www.soespgraf.com\/\"},{\"@type\":\"ListItem\",\"position\":2,\"name\":\"PERICIA CALIGR\u00c1FICA\"}]},{\"@type\":\"WebSite\",\"@id\":\"https:\/\/www.soespgraf.com\/#website\",\"url\":\"https:\/\/www.soespgraf.com\/\",\"name\":\"Sociedad Espa\u00f1ola de Grafolog\u00ed\u00ada\",\"description\":\"Sociedad Espa\u00f1ola de Grafolog\u00ed\u00ada\",\"publisher\":{\"@id\":\"https:\/\/www.soespgraf.com\/#organization\"},\"potentialAction\":[{\"@type\":\"SearchAction\",\"target\":{\"@type\":\"EntryPoint\",\"urlTemplate\":\"https:\/\/www.soespgraf.com\/?s={search_term_string}\"},\"query-input\":{\"@type\":\"PropertyValueSpecification\",\"valueRequired\":true,\"valueName\":\"search_term_string\"}}],\"inLanguage\":\"es\"},{\"@type\":\"Organization\",\"@id\":\"https:\/\/www.soespgraf.com\/#organization\",\"name\":\"Sociedad espa\u00f1ola de grafolog\u00eda\",\"url\":\"https:\/\/www.soespgraf.com\/\",\"logo\":{\"@type\":\"ImageObject\",\"inLanguage\":\"es\",\"@id\":\"https:\/\/www.soespgraf.com\/#\/schema\/logo\/image\/\",\"url\":\"https:\/\/www.soespgraf.com\/wp-content\/uploads\/2020\/08\/DSC02324-2.png\",\"contentUrl\":\"https:\/\/www.soespgraf.com\/wp-content\/uploads\/2020\/08\/DSC02324-2.png\",\"width\":598,\"height\":598,\"caption\":\"Sociedad espa\u00f1ola de grafolog\u00eda\"},\"image\":{\"@id\":\"https:\/\/www.soespgraf.com\/#\/schema\/logo\/image\/\"}}]}<\/script>\n<!-- \/ Yoast SEO plugin. -->","yoast_head_json":{"title":"Sociedad Espa\u00f1ola de Grafolog\u00ed\u00ada","description":"\u00bfTe han falsificado la firma en un documento? \u00bfNecesitas probar algo relacionado con una firma o con un testamento ol\u00f3grafo?","robots":{"index":"index","follow":"follow","max-snippet":"max-snippet:-1","max-image-preview":"max-image-preview:large","max-video-preview":"max-video-preview:-1"},"canonical":"https:\/\/www.soespgraf.com\/?page_id=246","og_locale":"es_ES","og_type":"article","og_title":"Sociedad Espa\u00f1ola de Grafolog\u00ed\u00ada","og_description":"\u00bfTe han falsificado la firma en un documento? \u00bfNecesitas probar algo relacionado con una firma o con un testamento ol\u00f3grafo?","og_url":"https:\/\/www.soespgraf.com\/?page_id=246","og_site_name":"Sociedad Espa\u00f1ola de Grafolog\u00ed\u00ada","article_modified_time":"2025-01-17T19:02:50+00:00","twitter_card":"summary_large_image","twitter_misc":{"Tiempo de lectura":"1 minuto"},"schema":{"@context":"https:\/\/schema.org","@graph":[{"@type":"WebPage","@id":"https:\/\/www.soespgraf.com\/?page_id=246","url":"https:\/\/www.soespgraf.com\/?page_id=246","name":"Sociedad Espa\u00f1ola de Grafolog\u00ed\u00ada","isPartOf":{"@id":"https:\/\/www.soespgraf.com\/#website"},"datePublished":"2020-08-08T10:23:06+00:00","dateModified":"2025-01-17T19:02:50+00:00","description":"\u00bfTe han falsificado la firma en un documento? \u00bfNecesitas probar algo relacionado con una firma o con un testamento ol\u00f3grafo?","breadcrumb":{"@id":"https:\/\/www.soespgraf.com\/?page_id=246#breadcrumb"},"inLanguage":"es","potentialAction":[{"@type":"ReadAction","target":["https:\/\/www.soespgraf.com\/?page_id=246"]}]},{"@type":"BreadcrumbList","@id":"https:\/\/www.soespgraf.com\/?page_id=246#breadcrumb","itemListElement":[{"@type":"ListItem","position":1,"name":"Home","item":"https:\/\/www.soespgraf.com\/"},{"@type":"ListItem","position":2,"name":"PERICIA CALIGR\u00c1FICA"}]},{"@type":"WebSite","@id":"https:\/\/www.soespgraf.com\/#website","url":"https:\/\/www.soespgraf.com\/","name":"Sociedad Espa\u00f1ola de Grafolog\u00ed\u00ada","description":"Sociedad Espa\u00f1ola de Grafolog\u00ed\u00ada","publisher":{"@id":"https:\/\/www.soespgraf.com\/#organization"},"potentialAction":[{"@type":"SearchAction","target":{"@type":"EntryPoint","urlTemplate":"https:\/\/www.soespgraf.com\/?s={search_term_string}"},"query-input":{"@type":"PropertyValueSpecification","valueRequired":true,"valueName":"search_term_string"}}],"inLanguage":"es"},{"@type":"Organization","@id":"https:\/\/www.soespgraf.com\/#organization","name":"Sociedad espa\u00f1ola de grafolog\u00eda","url":"https:\/\/www.soespgraf.com\/","logo":{"@type":"ImageObject","inLanguage":"es","@id":"https:\/\/www.soespgraf.com\/#\/schema\/logo\/image\/","url":"https:\/\/www.soespgraf.com\/wp-content\/uploads\/2020\/08\/DSC02324-2.png","contentUrl":"https:\/\/www.soespgraf.com\/wp-content\/uploads\/2020\/08\/DSC02324-2.png","width":598,"height":598,"caption":"Sociedad espa\u00f1ola de grafolog\u00eda"},"image":{"@id":"https:\/\/www.soespgraf.com\/#\/schema\/logo\/image\/"}}]}},"_links":{"self":[{"href":"https:\/\/www.soespgraf.com\/index.php?rest_route=\/wp\/v2\/pages\/246","targetHints":{"allow":["GET"]}}],"collection":[{"href":"https:\/\/www.soespgraf.com\/index.php?rest_route=\/wp\/v2\/pages"}],"about":[{"href":"https:\/\/www.soespgraf.com\/index.php?rest_route=\/wp\/v2\/types\/page"}],"author":[{"embeddable":true,"href":"https:\/\/www.soespgraf.com\/index.php?rest_route=\/wp\/v2\/users\/1"}],"replies":[{"embeddable":true,"href":"https:\/\/www.soespgraf.com\/index.php?rest_route=%2Fwp%2Fv2%2Fcomments&post=246"}],"version-history":[{"count":13,"href":"https:\/\/www.soespgraf.com\/index.php?rest_route=\/wp\/v2\/pages\/246\/revisions"}],"predecessor-version":[{"id":1125,"href":"https:\/\/www.soespgraf.com\/index.php?rest_route=\/wp\/v2\/pages\/246\/revisions\/1125"}],"wp:attachment":[{"href":"https:\/\/www.soespgraf.com\/index.php?rest_route=%2Fwp%2Fv2%2Fmedia&parent=246"}],"curies":[{"name":"wp","href":"https:\/\/api.w.org\/{rel}","templated":true}]}}